ghest common factor of 696 and 222372?
348
Calculate the highest common factor of 321 and 1209207.
321
Calculate the highest common divisor of 1705 and 7073.
11
What is the highest common factor of 2977129 and 19?
19
What is the highest common divisor of 1 and 1545002?
1
Calculate the highest common divisor of 4512 and 1269.
141
Calculate the highest common divisor of 381596 and 76.
76
What is the highest common factor of 531034 and 1494?
166
What is the highest common factor of 26750 and 1350?
50
Calculate the greatest common factor of 16140 and 118629.
807
What is the highest common divisor of 12 and 60966?
6
Calculate the greatest common factor of 25395 and 135.
15
What is the greatest common divisor of 91653 and 1233?
411
What is the greatest common divisor of 26 and 256074?
26
Calculate the greatest common factor of 198645 and 57.
57
Calculate the highest common factor of 287227 and 22221.
823
What is the highest common divisor of 18501 and 42?
21
Calculate the greatest common divisor of 102 and 142953.
51
Calculate the greatest common factor of 18753 and 609.
21
What is the highest common divisor of 447544 and 1032?
344
Calculate the greatest common factor of 1295140 and 385.
385
Calculate the greatest common divisor of 198234 and 54.
54
What is the highest common factor of 403 and 7748?
13
What is the greatest common factor of 252721 and 14?
7
Calculate the highest common divisor of 1107 and 594.
27
Calculate the greatest common factor of 94445 and 845.
65
Calculate the greatest common divisor of 92378 and 21242.
494
Calculate the greatest common divisor of 12264 and 588.
84
What is the greatest common divisor of 14670 and 270?
90
What is the highest common divisor of 2572352 and 704?
64
Calculate the greatest common divisor of 459 and 5933.
17
Calculate the highest common divisor of 1880 and 4559.
47
Calculate the highest common factor of 308 and 53207.
77
Calculate the highest common factor of 2035971 and 3213.
1071
What is the highest common factor of 2470 and 75829?
247
What is the highest common divisor of 712390 and 280?
70
What is the highest common divisor of 532 and 15124?
76
What is the greatest common divisor of 15086 and 2242?
38
What is the highest common divisor of 110 and 616?
22
What is the highest common divisor of 52 and 314132?
52
Calculate the greatest common factor of 3735 and 60.
15
Calculate the highest common divisor of 693 and 3843.
63
Calculate the greatest common divisor of 143754 and 28652.
494
Calculate the greatest common factor of 83629 and 91.
91
Calculate the greatest common divisor of 28 and 240758.
14
Calculate the greatest common divisor of 4 and 7330.
2
Calculate the greatest common divisor of 2244 and 52.
4
Calculate the greatest common divisor of 895878 and 852.
426
What is the highest common factor of 121 and 31?
1
Calculate the highest common divisor of 204 and 54258.
6
Calculate the greatest common divisor of 31346 and 56.
14
Calculate the highest common factor of 228 and 38190.
114
Calculate the highest common divisor of 118584 and 9.
9
Calculate the highest common divisor of 108 and 2314278.
54
What is the greatest common factor of 1149 and 732679?
383
What is the greatest common divisor of 273 and 281463?
273
Calculate the greatest common factor of 954602 and 22.
22
What is the highest common divisor of 312 and 725192?
104
What is the greatest common divisor of 1230 and 1140702?
246
Calculate the greatest common factor of 26679 and 10.
1
Calculate the greatest common divisor of 520 and 62960.
40
Calculate the highest common divisor of 5274 and 450.
18
Calculate the highest common divisor of 527422 and 14.
14
Calculate the highest common factor of 76758 and 429.
33
What is the highest common divisor of 239773 and 163?
163
What is the greatest common factor of 2179613 and 367?
367
Calculate the greatest common factor of 363 and 32373.
33
What is the greatest common factor of 280 and 805?
35
Calculate the highest common divisor of 337936 and 16.
16
What is the highest common divisor of 243 and 14328?
9
Calculate the highest common divisor of 1959329 and 1797.
599
Calculate the highest common divisor of 2852 and 868.
124
What is the highest common divisor of 2398 and 6758?
218
Calculate the highest common divisor of 34 and 110925.
17
Calculate the greatest common divisor of 7935 and 765.
15
What is the highest common factor of 22840 and 200?
40
Calculate the highest common factor of 1978 and 10189.
23
Calculate the highest common factor of 319053 and 9.
3
Calculate the greatest common factor of 162 and 1883331.
81
Calculate the highest common factor of 160 and 19184.
16
Calculate the highest common divisor of 67583 and 171.
19
What is the highest common divisor of 235 and 61241?
47
What is the greatest common factor of 122872 and 32?
8
Calculate the greatest common divisor of 423 and 1025634.
141
What is the highest common factor of 46464 and 60?
12
Calculate the highest common factor of 635951 and 533.
41
What is the greatest common divisor of 11 and 31427?
11
Calculate the greatest common factor of 204169 and 7.
7
Calculate the greatest common factor of 5061641 and 13.
13
What is the highest common divisor of 172025 and 25?
25
What is the greatest common divisor of 216 and 5058?
18
What is the greatest common divisor of 13482 and 45?
9
Calculate the highest common factor of 169 and 121342.
169
Calculate the highest common factor of 232 and 197192.
8
Calculate the highest common divisor of 23568 and 192.
48
Calculate the greatest common divisor of 343 and 973.
7
Calculate the highest common factor of 6156368 and 64.
16
Calculate the greatest common divisor of 192 and 1681408.
64
Calculate the greatest common factor of 16 and 3194960.
16
Calculate the highest common factor of 45416 and 7812.
28
Calculate the greatest common divisor of 43043 and 273.
91
Calculate the greatest common factor of 1207920 and 30.
30
Calculate the highest common factor of 108582 and 30.
6
What is the greatest common divisor of 780 and 40690?
130
What is the greatest common factor of 20 and 31810?
10
Calculate the greatest common factor of 183280 and 16.
16
What is the greatest common factor of 141 and 51841?
47
Calculate the highest common factor of 47980 and 940.
20
What is the highest common factor of 6751 and 224039?
157
Calculate the greatest common divisor of 29485 and 1290.
5
What is the highest common divisor of 2328 and 13784?
8
What is the highest common factor of 262844 and 736?
92
Calculate the greatest common divisor of 88977 and 92099.
1561
Calculate the highest common factor of 1736 and 31372.
124
Calculate the greatest common factor of 11822 and 22102.
514
What is the highest common factor of 19426 and 44?
22
Calculate the greatest common divisor of 94 and 16949328.
94
Calculate the greatest common factor of 868 and 2480.
124
Calculate the highest common factor of 8 and 1098880.
8
What is the highest common divisor of 1288218 and 954?
318
Calculate the greatest common factor of 1305264 and 142.
142
What is the highest common factor of 350 and 78344?
14
Calculate the greatest common factor of 87582 and 12.
6
What is the greatest common divisor of 679724 and 872?
436
Calculate the highest common divisor of 246 and 286385.
41
Calculate the greatest common divisor of 9368 and 40.
8
Calculate the highest common divisor of 3213 and 241353.
189
What is the greatest common factor of 284 and 451063?
71
Calculate the highest common factor of 105 and 119210.
35
Calculate the highest common factor of 3230 and 102.
34
What is the highest common factor of 333 and 185?
37
What is the highest common factor of 56 and 76580?
28
Calculate the greatest common divisor of 16 and 3236.
4
What is the greatest common factor of 43994 and 2?
2
What is the greatest common divisor of 634 and 11729?
317
Calculate the greatest common divisor of 39260 and 11174.
302
Calculate the greatest common factor of 1678 and 12.
2
Calculate the greatest common divisor of 38 and 318060.
38
What is the highest common factor of 500 and 2845?
5
Calculate the highest common factor of 174782 and 281.
281
Calculate the greatest common divisor of 342 and 16164.
18
What is the greatest common factor of 85 and 119765?
85
Calculate the highest common di